{"id":533,"date":"2024-08-15T15:38:37","date_gmt":"2024-08-15T13:38:37","guid":{"rendered":"https:\/\/gala-laudenklos.de\/?page_id=533"},"modified":"2024-08-16T10:46:13","modified_gmt":"2024-08-16T08:46:13","slug":"referenzen","status":"publish","type":"page","link":"https:\/\/gala-laudenklos.de\/index.php\/referenzen\/","title":{"rendered":"Referenzen"},"content":{"rendered":"\t\t<div data-elementor-type=\"wp-page\" data-elementor-id=\"533\" class=\"elementor elementor-533\">\n\t\t\t\t\t\t\t\t\t<div class=\"elementor-section elementor-top-section elementor-element elementor-element-498ae56f elementor-section-boxed elementor-section-height-default elementor-section-height-default\" data-id=\"498ae56f\" data-element_type=\"section\">\n\t\t\t\t\t\t<div class=\"elementor-container elementor-column-gap-default\">\n\t\t\t\t\t<div class=\"elementor-column elementor-col-100 elementor-top-column elementor-element elementor-element-7396b71b\" data-id=\"7396b71b\" data-element_type=\"column\" data-settings=\"{&quot;background_background&quot;:&quot;classic&quot;}\">\n\t\t\t<div class=\"elementor-widget-wrap elementor-element-populated\">\n\t\t\t\t\t<div class=\"elementor-background-overlay\"><\/div>\n\t\t\t\t\t\t\t\t<div class=\"elementor-element elementor-element-d79a7a2 elementor-widget__width-initial elementor-widget-tablet__width-initial elementor-widget-mobile__width-inherit elementor-invisible elementor-widget elementor-widget-text-editor\" data-id=\"d79a7a2\" data-element_type=\"widget\" data-settings=\"{&quot;_animation&quot;:&quot;fadeInUp&quot;,&quot;_animation_delay&quot;:400}\" data-widget_type=\"text-editor.default\">\n\t\t\t\t<div class=\"elementor-widget-container\">\n\t\t\t<style>\/*! elementor - v3.15.0 - 02-08-2023 *\/\n.elementor-widget-text-editor.elementor-drop-cap-view-stacked .elementor-drop-cap{background-color:#69727d;color:#fff}.elementor-widget-text-editor.elementor-drop-cap-view-framed .elementor-drop-cap{color:#69727d;border:3px solid;background-color:transparent}.elementor-widget-text-editor:not(.elementor-drop-cap-view-default) .elementor-drop-cap{margin-top:8px}.elementor-widget-text-editor:not(.elementor-drop-cap-view-default) .elementor-drop-cap-letter{width:1em;height:1em}.elementor-widget-text-editor .elementor-drop-cap{float:left;text-align:center;line-height:1;font-size:50px}.elementor-widget-text-editor .elementor-drop-cap-letter{display:inline-block}<\/style>\t\t\t\t<p>Entdecken Sie unsere vielf\u00e4ltigen Projekte und lassen Sie sich von unseren bisherigen Arbeiten inspirieren. Jede Referenz zeigt unser Engagement f\u00fcr Qualit\u00e4t und Pr\u00e4zision in jedem Detail.<\/p>\t\t\t\t\t\t<\/div>\n\t\t\t\t<\/div>\n\t\t\t\t<div class=\"elementor-section elementor-inner-section elementor-element elementor-element-65d0de46 elementor-section-boxed elementor-section-height-default elementor-section-height-default elementor-invisible\" data-id=\"65d0de46\" data-element_type=\"section\" data-settings=\"{&quot;animation&quot;:&quot;zoomOutUp&quot;,&quot;animation_delay&quot;:400}\">\n\t\t\t\t\t\t<div class=\"elementor-container elementor-column-gap-default\">\n\t\t\t\t\t<div class=\"elementor-column elementor-col-33 elementor-inner-column elementor-element elementor-element-4291178d\" data-id=\"4291178d\" data-element_type=\"column\">\n\t\t\t<div class=\"elementor-widget-wrap elementor-element-populated\">\n\t\t\t\t\t\t\t\t<div class=\"elementor-element elementor-element-50fd6de6 elementor-invisible elementor-widget elementor-widget-image\" data-id=\"50fd6de6\" data-element_type=\"widget\" data-settings=\"{&quot;_animation&quot;:&quot;zoomIn&quot;,&quot;_animation_delay&quot;:450}\" data-widget_type=\"image.default\">\n\t\t\t\t<div class=\"elementor-widget-container\">\n\t\t\t<style>\/*! elementor - v3.15.0 - 02-08-2023 *\/\n.elementor-widget-image{text-align:center}.elementor-widget-image a{display:inline-block}.elementor-widget-image a img[src$=\".svg\"]{width:48px}.elementor-widget-image img{vertical-align:middle;display:inline-block}<\/style>\t\t\t\t\t\t\t\t\t\t\t\t<img loading=\"lazy\" decoding=\"async\" width=\"1535\" height=\"1559\" src=\"https:\/\/gala-laudenklos.de\/wp-content\/uploads\/2024\/08\/IMG_3004-e1723730154830.jpg\" class=\"attachment-full size-full wp-image-571\" alt=\"\" srcset=\"https:\/\/gala-laudenklos.de\/wp-content\/uploads\/2024\/08\/IMG_3004-e1723730154830.jpg 1535w, https:\/\/gala-laudenklos.de\/wp-content\/uploads\/2024\/08\/IMG_3004-e1723730154830-295x300.jpg 295w, https:\/\/gala-laudenklos.de\/wp-content\/uploads\/2024\/08\/IMG_3004-e1723730154830-1008x1024.jpg 1008w, https:\/\/gala-laudenklos.de\/wp-content\/uploads\/2024\/08\/IMG_3004-e1723730154830-768x780.jpg 768w, https:\/\/gala-laudenklos.de\/wp-content\/uploads\/2024\/08\/IMG_3004-e1723730154830-1512x1536.jpg 1512w, https:\/\/gala-laudenklos.de\/wp-content\/uploads\/2024\/08\/IMG_3004-e1723730154830-640x650.jpg 640w\" sizes=\"auto, (max-width: 1535px) 100vw, 1535px\" \/>\t\t\t\t\t\t\t\t\t\t\t\t\t\t\t<\/div>\n\t\t\t\t<\/div>\n\t\t\t\t<div class=\"elementor-element elementor-element-1781af7c elementor-invisible elementor-widget elementor-widget-image\" data-id=\"1781af7c\" data-element_type=\"widget\" data-settings=\"{&quot;_animation&quot;:&quot;zoomIn&quot;,&quot;_animation_delay&quot;:600}\" data-widget_type=\"image.default\">\n\t\t\t\t<div class=\"elementor-widget-container\">\n\t\t\t\t\t\t\t\t\t\t\t\t\t\t\t<img loading=\"lazy\" decoding=\"async\" width=\"1536\" height=\"1099\" src=\"https:\/\/gala-laudenklos.de\/wp-content\/uploads\/2024\/08\/IMG_2661-e1723730351949.jpg\" class=\"attachment-full size-full wp-image-574\" alt=\"\" srcset=\"https:\/\/gala-laudenklos.de\/wp-content\/uploads\/2024\/08\/IMG_2661-e1723730351949.jpg 1536w, https:\/\/gala-laudenklos.de\/wp-content\/uploads\/2024\/08\/IMG_2661-e1723730351949-300x215.jpg 300w, https:\/\/gala-laudenklos.de\/wp-content\/uploads\/2024\/08\/IMG_2661-e1723730351949-1024x733.jpg 1024w, https:\/\/gala-laudenklos.de\/wp-content\/uploads\/2024\/08\/IMG_2661-e1723730351949-768x550.jpg 768w, https:\/\/gala-laudenklos.de\/wp-content\/uploads\/2024\/08\/IMG_2661-e1723730351949-650x465.jpg 650w\" sizes=\"auto, (max-width: 1536px) 100vw, 1536px\" \/>\t\t\t\t\t\t\t\t\t\t\t\t\t\t\t<\/div>\n\t\t\t\t<\/div>\n\t\t\t\t\t<\/div>\n\t\t<\/div>\n\t\t\t\t<div class=\"elementor-column elementor-col-33 elementor-inner-column elementor-element elementor-element-59742ab8\" data-id=\"59742ab8\" data-element_type=\"column\">\n\t\t\t<div class=\"elementor-widget-wrap elementor-element-populated\">\n\t\t\t\t\t\t\t\t<div class=\"elementor-element elementor-element-60b753ea elementor-widget__width-initial elementor-invisible elementor-widget elementor-widget-image\" data-id=\"60b753ea\" data-element_type=\"widget\" data-settings=\"{&quot;_animation&quot;:&quot;zoomIn&quot;,&quot;_animation_delay&quot;:1350}\" data-widget_type=\"image.default\">\n\t\t\t\t<div class=\"elementor-widget-container\">\n\t\t\t\t\t\t\t\t\t\t\t\t\t\t\t<img loading=\"lazy\" decoding=\"async\" width=\"1600\" height=\"1066\" src=\"https:\/\/gala-laudenklos.de\/wp-content\/uploads\/2024\/08\/2830A4AF-7F7F-452C-A9D3-511647A03D9C-e1723730907847.jpg\" class=\"attachment-full size-full wp-image-578\" alt=\"\" srcset=\"https:\/\/gala-laudenklos.de\/wp-content\/uploads\/2024\/08\/2830A4AF-7F7F-452C-A9D3-511647A03D9C-e1723730907847.jpg 1600w, https:\/\/gala-laudenklos.de\/wp-content\/uploads\/2024\/08\/2830A4AF-7F7F-452C-A9D3-511647A03D9C-e1723730907847-300x200.jpg 300w, https:\/\/gala-laudenklos.de\/wp-content\/uploads\/2024\/08\/2830A4AF-7F7F-452C-A9D3-511647A03D9C-e1723730907847-1024x682.jpg 1024w, https:\/\/gala-laudenklos.de\/wp-content\/uploads\/2024\/08\/2830A4AF-7F7F-452C-A9D3-511647A03D9C-e1723730907847-768x512.jpg 768w, https:\/\/gala-laudenklos.de\/wp-content\/uploads\/2024\/08\/2830A4AF-7F7F-452C-A9D3-511647A03D9C-e1723730907847-1536x1023.jpg 1536w, https:\/\/gala-laudenklos.de\/wp-content\/uploads\/2024\/08\/2830A4AF-7F7F-452C-A9D3-511647A03D9C-e1723730907847-650x433.jpg 650w\" sizes=\"auto, (max-width: 1600px) 100vw, 1600px\" \/>\t\t\t\t\t\t\t\t\t\t\t\t\t\t\t<\/div>\n\t\t\t\t<\/div>\n\t\t\t\t<div class=\"elementor-element elementor-element-595ea30f elementor-widget__width-initial elementor-invisible elementor-widget elementor-widget-image\" data-id=\"595ea30f\" data-element_type=\"widget\" data-settings=\"{&quot;_animation&quot;:&quot;zoomIn&quot;,&quot;_animation_delay&quot;:1200}\" data-widget_type=\"image.default\">\n\t\t\t\t<div class=\"elementor-widget-container\">\n\t\t\t\t\t\t\t\t\t\t\t\t\t\t\t<img loading=\"lazy\" decoding=\"async\" width=\"1536\" height=\"1024\" src=\"https:\/\/gala-laudenklos.de\/wp-content\/uploads\/2024\/08\/IMG_3858-e1723731090855.jpg\" class=\"attachment-full size-full wp-image-583\" alt=\"\" srcset=\"https:\/\/gala-laudenklos.de\/wp-content\/uploads\/2024\/08\/IMG_3858-e1723731090855.jpg 1536w, https:\/\/gala-laudenklos.de\/wp-content\/uploads\/2024\/08\/IMG_3858-e1723731090855-300x200.jpg 300w, https:\/\/gala-laudenklos.de\/wp-content\/uploads\/2024\/08\/IMG_3858-e1723731090855-1024x683.jpg 1024w, https:\/\/gala-laudenklos.de\/wp-content\/uploads\/2024\/08\/IMG_3858-e1723731090855-768x512.jpg 768w, https:\/\/gala-laudenklos.de\/wp-content\/uploads\/2024\/08\/IMG_3858-e1723731090855-650x433.jpg 650w\" sizes=\"auto, (max-width: 1536px) 100vw, 1536px\" \/>\t\t\t\t\t\t\t\t\t\t\t\t\t\t\t<\/div>\n\t\t\t\t<\/div>\n\t\t\t\t<div class=\"elementor-element elementor-element-492c5c9b elementor-invisible elementor-widget elementor-widget-image\" data-id=\"492c5c9b\" data-element_type=\"widget\" data-settings=\"{&quot;_animation&quot;:&quot;zoomIn&quot;,&quot;_animation_delay&quot;:750}\" data-widget_type=\"image.default\">\n\t\t\t\t<div class=\"elementor-widget-container\">\n\t\t\t\t\t\t\t\t\t\t\t\t\t\t\t<img loading=\"lazy\" decoding=\"async\" width=\"1536\" height=\"1047\" src=\"https:\/\/gala-laudenklos.de\/wp-content\/uploads\/2024\/08\/IMG_0266-e1723730283307.jpg\" class=\"attachment-full size-full wp-image-573\" alt=\"\" srcset=\"https:\/\/gala-laudenklos.de\/wp-content\/uploads\/2024\/08\/IMG_0266-e1723730283307.jpg 1536w, https:\/\/gala-laudenklos.de\/wp-content\/uploads\/2024\/08\/IMG_0266-e1723730283307-300x204.jpg 300w, https:\/\/gala-laudenklos.de\/wp-content\/uploads\/2024\/08\/IMG_0266-e1723730283307-1024x698.jpg 1024w, https:\/\/gala-laudenklos.de\/wp-content\/uploads\/2024\/08\/IMG_0266-e1723730283307-768x524.jpg 768w, https:\/\/gala-laudenklos.de\/wp-content\/uploads\/2024\/08\/IMG_0266-e1723730283307-650x443.jpg 650w\" sizes=\"auto, (max-width: 1536px) 100vw, 1536px\" \/>\t\t\t\t\t\t\t\t\t\t\t\t\t\t\t<\/div>\n\t\t\t\t<\/div>\n\t\t\t\t\t<\/div>\n\t\t<\/div>\n\t\t\t\t<div class=\"elementor-column elementor-col-33 elementor-inner-column elementor-element elementor-element-6575a5d4\" data-id=\"6575a5d4\" data-element_type=\"column\">\n\t\t\t<div class=\"elementor-widget-wrap elementor-element-populated\">\n\t\t\t\t\t\t\t\t<div class=\"elementor-element elementor-element-1e070a81 elementor-invisible elementor-widget elementor-widget-image\" data-id=\"1e070a81\" data-element_type=\"widget\" data-settings=\"{&quot;_animation&quot;:&quot;zoomIn&quot;,&quot;_animation_delay&quot;:1050}\" data-widget_type=\"image.default\">\n\t\t\t\t<div class=\"elementor-widget-container\">\n\t\t\t\t\t\t\t\t\t\t\t\t\t\t\t<img loading=\"lazy\" decoding=\"async\" width=\"1181\" height=\"874\" src=\"https:\/\/gala-laudenklos.de\/wp-content\/uploads\/2024\/08\/1bbf7cc9-358e-407d-9476-e10b5d9c2c7e-e1723731150883.jpg\" class=\"attachment-full size-full wp-image-584\" alt=\"\" srcset=\"https:\/\/gala-laudenklos.de\/wp-content\/uploads\/2024\/08\/1bbf7cc9-358e-407d-9476-e10b5d9c2c7e-e1723731150883.jpg 1181w, https:\/\/gala-laudenklos.de\/wp-content\/uploads\/2024\/08\/1bbf7cc9-358e-407d-9476-e10b5d9c2c7e-e1723731150883-300x222.jpg 300w, https:\/\/gala-laudenklos.de\/wp-content\/uploads\/2024\/08\/1bbf7cc9-358e-407d-9476-e10b5d9c2c7e-e1723731150883-1024x758.jpg 1024w, https:\/\/gala-laudenklos.de\/wp-content\/uploads\/2024\/08\/1bbf7cc9-358e-407d-9476-e10b5d9c2c7e-e1723731150883-768x568.jpg 768w, https:\/\/gala-laudenklos.de\/wp-content\/uploads\/2024\/08\/1bbf7cc9-358e-407d-9476-e10b5d9c2c7e-e1723731150883-650x481.jpg 650w\" sizes=\"auto, (max-width: 1181px) 100vw, 1181px\" \/>\t\t\t\t\t\t\t\t\t\t\t\t\t\t\t<\/div>\n\t\t\t\t<\/div>\n\t\t\t\t<div class=\"elementor-element elementor-element-de163f9 elementor-invisible elementor-widget elementor-widget-image\" data-id=\"de163f9\" data-element_type=\"widget\" data-settings=\"{&quot;_animation&quot;:&quot;zoomIn&quot;,&quot;_animation_delay&quot;:900}\" data-widget_type=\"image.default\">\n\t\t\t\t<div class=\"elementor-widget-container\">\n\t\t\t\t\t\t\t\t\t\t\t\t\t\t\t<img loading=\"lazy\" decoding=\"async\" width=\"1600\" height=\"834\" src=\"https:\/\/gala-laudenklos.de\/wp-content\/uploads\/2024\/08\/143dbe7a-8ec4-4d25-9634-916ff34510a1-e1723730469327.jpg\" class=\"attachment-full size-full wp-image-575\" alt=\"\" srcset=\"https:\/\/gala-laudenklos.de\/wp-content\/uploads\/2024\/08\/143dbe7a-8ec4-4d25-9634-916ff34510a1-e1723730469327.jpg 1600w, https:\/\/gala-laudenklos.de\/wp-content\/uploads\/2024\/08\/143dbe7a-8ec4-4d25-9634-916ff34510a1-e1723730469327-300x156.jpg 300w, https:\/\/gala-laudenklos.de\/wp-content\/uploads\/2024\/08\/143dbe7a-8ec4-4d25-9634-916ff34510a1-e1723730469327-1024x534.jpg 1024w, https:\/\/gala-laudenklos.de\/wp-content\/uploads\/2024\/08\/143dbe7a-8ec4-4d25-9634-916ff34510a1-e1723730469327-768x400.jpg 768w, https:\/\/gala-laudenklos.de\/wp-content\/uploads\/2024\/08\/143dbe7a-8ec4-4d25-9634-916ff34510a1-e1723730469327-1536x801.jpg 1536w, https:\/\/gala-laudenklos.de\/wp-content\/uploads\/2024\/08\/143dbe7a-8ec4-4d25-9634-916ff34510a1-e1723730469327-650x339.jpg 650w\" sizes=\"auto, (max-width: 1600px) 100vw, 1600px\" \/>\t\t\t\t\t\t\t\t\t\t\t\t\t\t\t<\/div>\n\t\t\t\t<\/div>\n\t\t\t\t\t<\/div>\n\t\t<\/div>\n\t\t\t\t\t\t\t<\/div>\n\t\t<\/div>\n\t\t\t\t\t<\/div>\n\t\t<\/div>\n\t\t\t\t\t\t\t<\/div>\n\t\t<\/div>\n\t\t\t\t<div class=\"elementor-section elementor-top-section elementor-element elementor-element-7e3e5910 elementor-section-full_width elementor-section-height-default elementor-section-height-default\" data-id=\"7e3e5910\" data-element_type=\"section\" id=\"testimonials\" data-settings=\"{&quot;background_background&quot;:&quot;classic&quot;,&quot;shape_divider_top&quot;:&quot;tilt&quot;,&quot;shape_divider_bottom&quot;:&quot;tilt&quot;}\">\n\t\t\t\t\t\t\t<div class=\"elementor-background-overlay\"><\/div>\n\t\t\t\t\t\t<div class=\"elementor-shape elementor-shape-top\" data-negative=\"false\">\n\t\t\t<svg xmlns=\"http:\/\/www.w3.org\/2000\/svg\" viewBox=\"0 0 1000 100\" preserveAspectRatio=\"none\">\n\t<path class=\"elementor-shape-fill\" d=\"M0,6V0h1000v100L0,6z\"\/>\n<\/svg>\t\t<\/div>\n\t\t\t\t<div class=\"elementor-shape elementor-shape-bottom\" data-negative=\"false\">\n\t\t\t<svg xmlns=\"http:\/\/www.w3.org\/2000\/svg\" viewBox=\"0 0 1000 100\" preserveAspectRatio=\"none\">\n\t<path class=\"elementor-shape-fill\" d=\"M0,6V0h1000v100L0,6z\"\/>\n<\/svg>\t\t<\/div>\n\t\t\t\t\t<div class=\"elementor-container elementor-column-gap-no\">\n\t\t\t\t\t<div class=\"elementor-column elementor-col-100 elementor-top-column elementor-element elementor-element-2c0f6c82\" data-id=\"2c0f6c82\" data-element_type=\"column\">\n\t\t\t<div class=\"elementor-widget-wrap elementor-element-populated\">\n\t\t\t\t\t\t\t\t<section class=\"elementor-section elementor-inner-section elementor-element elementor-element-9a4fd93 elementor-section-boxed elementor-section-height-default elementor-section-height-default\" data-id=\"9a4fd93\" data-element_type=\"section\">\n\t\t\t\t\t\t<div class=\"elementor-container elementor-column-gap-default\">\n\t\t\t\t\t<div class=\"elementor-column elementor-col-100 elementor-inner-column elementor-element elementor-element-11728cb9\" data-id=\"11728cb9\" data-element_type=\"column\">\n\t\t\t<div class=\"elementor-widget-wrap elementor-element-populated\">\n\t\t\t\t\t\t\t\t<div class=\"elementor-element elementor-element-10216da4 elementor-widget elementor-widget-heading\" data-id=\"10216da4\" data-element_type=\"widget\" data-widget_type=\"heading.default\">\n\t\t\t\t<div class=\"elementor-widget-container\">\n\t\t\t<style>\/*! elementor - v3.15.0 - 02-08-2023 *\/\n.elementor-heading-title{padding:0;margin:0;line-height:1}.elementor-widget-heading .elementor-heading-title[class*=elementor-size-]>a{color:inherit;font-size:inherit;line-height:inherit}.elementor-widget-heading .elementor-heading-title.elementor-size-small{font-size:15px}.elementor-widget-heading .elementor-heading-title.elementor-size-medium{font-size:19px}.elementor-widget-heading .elementor-heading-title.elementor-size-large{font-size:29px}.elementor-widget-heading .elementor-heading-title.elementor-size-xl{font-size:39px}.elementor-widget-heading .elementor-heading-title.elementor-size-xxl{font-size:59px}<\/style><h6 class=\"elementor-heading-title elementor-size-default\">\/\/Unsere Kunden<\/h6>\t\t<\/div>\n\t\t\t\t<\/div>\n\t\t\t\t<div class=\"elementor-element elementor-element-1b1c939c elementor-widget elementor-widget-heading\" data-id=\"1b1c939c\" data-element_type=\"widget\" data-widget_type=\"heading.default\">\n\t\t\t\t<div class=\"elementor-widget-container\">\n\t\t\t<h2 class=\"elementor-heading-title elementor-size-default\">Echte Kunden \u2013 echtes Gartengl\u00fcck<\/h2>\t\t<\/div>\n\t\t\t\t<\/div>\n\t\t\t\t<div class=\"elementor-element elementor-element-3900ceaf bdt-navigation-type-none bdt-item-match-height--yes bdt-carousel-style-carousel elementor-widget elementor-widget-bdt-review-card-carousel\" data-id=\"3900ceaf\" data-element_type=\"widget\" data-widget_type=\"bdt-review-card-carousel.default\">\n\t\t\t\t<div class=\"elementor-widget-container\">\n\t\t\t        <div id=\"bdt-review-card-carousel-3900ceaf\" data-settings=\"{&quot;autoplay&quot;:{&quot;delay&quot;:5000,&quot;disableOnInteraction&quot;:false},&quot;loop&quot;:true,&quot;speed&quot;:500,&quot;slidesPerView&quot;:1,&quot;slidesPerGroup&quot;:1,&quot;spaceBetween&quot;:20,&quot;effect&quot;:&quot;carousel&quot;,&quot;breakpoints&quot;:{&quot;767&quot;:{&quot;slidesPerView&quot;:1,&quot;spaceBetween&quot;:20,&quot;slidesPerGroup&quot;:1},&quot;1023&quot;:{&quot;slidesPerView&quot;:1,&quot;spaceBetween&quot;:20,&quot;slidesPerGroup&quot;:1}},&quot;navigation&quot;:{&quot;nextEl&quot;:&quot;#bdt-review-card-carousel-3900ceaf .bdt-navigation-next&quot;,&quot;prevEl&quot;:&quot;#bdt-review-card-carousel-3900ceaf .bdt-navigation-prev&quot;},&quot;pagination&quot;:{&quot;el&quot;:&quot;#bdt-review-card-carousel-3900ceaf .swiper-pagination&quot;,&quot;type&quot;:&quot;&quot;,&quot;clickable&quot;:&quot;true&quot;,&quot;dynamicBullets&quot;:false},&quot;scrollbar&quot;:{&quot;el&quot;:&quot;#bdt-review-card-carousel-3900ceaf .swiper-scrollbar&quot;,&quot;hide&quot;:&quot;true&quot;},&quot;coverflowEffect&quot;:{&quot;rotate&quot;:50,&quot;stretch&quot;:0,&quot;depth&quot;:100,&quot;modifier&quot;:1,&quot;slideShadows&quot;:true},&quot;watchSlidesProgress&quot;:true}\" class=\"bdt-review-card-carousel\">\n            <div class=\"swiper-carousel swiper\">\n                <div class=\"swiper-wrapper\">\n            \n                    <div class=\"bdt-ep-review-card-carousel-item swiper-slide\">\n\n                                                    \n                <div class=\"bdt-ep-review-card-carousel-content\">\n\n                    \n                                                                <h3 class=\"bdt-ep-review-card-carousel-name\">\n                Sandra Bianco            <\/h3>\n                                                        <div class=\"bdt-ep-review-card-carousel-job-title\">\n                Gl\u00fcckliche Gartenbesitzerin            <\/div>\n            \n                                            \n\n                                        <div class=\"bdt-ep-review-card-carousel-text\">\n                <p>\"Die Firma Laudenklos war f\u00fcr unsere komplette Gartenumgestaltung ein absoluter Gl\u00fccksgriff. Vom ersten Moment an f\u00fchlten wir uns sehr kompetent betreut und beraten. Gemeinsam wurden Ideen entwickelt und von Herrn Laudenklos &amp; Partner einwandfrei und exzellent umgesetzt. Die Bandbreite der anfallenden Arbeiten war sehr umfangreich und alles wurde mit \u00e4u\u00dferster Pr\u00e4zision ausgef\u00fchrt. Wir k\u00f6nnen den Betrieb uneingeschr\u00e4nkt und w\u00e4rmstens weiterempfehlen und freuen uns auf weitere, gemeinsame Projekte.\"<\/p><div class=\"zMjRQd\">\u00a0<\/div>            <\/div>\n            \n                                    <\/div>\n            <\/div>\n                    <div class=\"bdt-ep-review-card-carousel-item swiper-slide\">\n\n                                                    \n                <div class=\"bdt-ep-review-card-carousel-content\">\n\n                    \n                                                                <h3 class=\"bdt-ep-review-card-carousel-name\">\n                Chris Schwegler            <\/h3>\n                                                        <div class=\"bdt-ep-review-card-carousel-job-title\">\n                Gl\u00fccklicher Gartenbesitzer            <\/div>\n            \n                                            \n\n                                        <div class=\"bdt-ep-review-card-carousel-text\">\n                <p>\"Die Firma Laudenklos hat in meinem Garten Str\u00e4ucher und B\u00e4ume zur\u00fcckgeschnitten und gepflegt. Der offene Umgang, die gute und saubere Arbeit haben mich besonders \u00fcberzeugt.\"<\/p>            <\/div>\n            \n                                    <\/div>\n            <\/div>\n                    <div class=\"bdt-ep-review-card-carousel-item swiper-slide\">\n\n                                                    \n                <div class=\"bdt-ep-review-card-carousel-content\">\n\n                    \n                                                                <h3 class=\"bdt-ep-review-card-carousel-name\">\n                Monika Fildebrand            <\/h3>\n                                                        <div class=\"bdt-ep-review-card-carousel-job-title\">\n                Gl\u00fcckliche Gartenbesitzerin            <\/div>\n            \n                                            \n\n                                        <div class=\"bdt-ep-review-card-carousel-text\">\n                <p>\"Das junge, kompetente Team hat meinen Traumgarten gestaltet. Vielen Dank daf\u00fcr!!\"<\/p>            <\/div>\n            \n                                    <\/div>\n            <\/div>\n                    <div class=\"bdt-ep-review-card-carousel-item swiper-slide\">\n\n                                                    \n                <div class=\"bdt-ep-review-card-carousel-content\">\n\n                    \n                                                                <h3 class=\"bdt-ep-review-card-carousel-name\">\n                Emely            <\/h3>\n                                                        <div class=\"bdt-ep-review-card-carousel-job-title\">\n                Gl\u00fcckliche Gartenbesitzerin            <\/div>\n            \n                                            \n\n                                        <div class=\"bdt-ep-review-card-carousel-text\">\n                <p>\"P\u00fcnktliche und sehr saubere Arbeit. Verschiedene L\u00f6sungsvorschl\u00e4ge wurden uns geboten f\u00fcr Winkel im Garten wo wir nicht wussten wie wir sie gestalten sollen. Preislich Top! Werde ich weiterempfehlen.\"<\/p>            <\/div>\n            \n                                    <\/div>\n            <\/div>\n        \t\t<\/div>\n\t\t\t\t<\/div>\n\n\t\t\t\t\t\t\t\t\t\t\n\t\t<\/div>\n\n\t\t<\/div>\n\t\t\t\t<\/div>\n\t\t\t\t\t<\/div>\n\t\t<\/div>\n\t\t\t\t\t\t\t<\/div>\n\t\t<\/section>\n\t\t\t\t\t<\/div>\n\t\t<\/div>\n\t\t\t\t\t\t\t<\/div>\n\t\t<\/div>\n\t\t\t\t\t\t\t<\/div>\n\t\t","protected":false},"excerpt":{"rendered":"<p>Unsere Projekte im Spotlight: Inspiration durch Referenzen Entdecken Sie unsere vielf\u00e4ltigen Projekte und lassen Sie sich von unseren bisherigen Arbeiten inspirieren. Jede [&hellip;]<\/p>\n","protected":false},"author":1,"featured_media":0,"parent":0,"menu_order":0,"comment_status":"closed","ping_status":"closed","template":"","meta":{"footnotes":""},"class_list":["post-533","page","type-page","status-publish","hentry"],"_links":{"self":[{"href":"https:\/\/gala-laudenklos.de\/index.php\/wp-json\/wp\/v2\/pages\/533","targetHints":{"allow":["GET"]}}],"collection":[{"href":"https:\/\/gala-laudenklos.de\/index.php\/wp-json\/wp\/v2\/pages"}],"about":[{"href":"https:\/\/gala-laudenklos.de\/index.php\/wp-json\/wp\/v2\/types\/page"}],"author":[{"embeddable":true,"href":"https:\/\/gala-laudenklos.de\/index.php\/wp-json\/wp\/v2\/users\/1"}],"replies":[{"embeddable":true,"href":"https:\/\/gala-laudenklos.de\/index.php\/wp-json\/wp\/v2\/comments?post=533"}],"version-history":[{"count":28,"href":"https:\/\/gala-laudenklos.de\/index.php\/wp-json\/wp\/v2\/pages\/533\/revisions"}],"predecessor-version":[{"id":670,"href":"https:\/\/gala-laudenklos.de\/index.php\/wp-json\/wp\/v2\/pages\/533\/revisions\/670"}],"wp:attachment":[{"href":"https:\/\/gala-laudenklos.de\/index.php\/wp-json\/wp\/v2\/media?parent=533"}],"curies":[{"name":"wp","href":"https:\/\/api.w.org\/{rel}","templated":true}]}}