{"id":427,"date":"2024-08-09T13:43:24","date_gmt":"2024-08-09T11:43:24","guid":{"rendered":"https:\/\/gala-laudenklos.de\/?page_id=427"},"modified":"2024-10-11T16:20:05","modified_gmt":"2024-10-11T14:20:05","slug":"mulcharbeiten","status":"publish","type":"page","link":"https:\/\/gala-laudenklos.de\/index.php\/mulcharbeiten\/","title":{"rendered":"Mulch- Rodung- und Waldarbeiten"},"content":{"rendered":"\t\t<div data-elementor-type=\"wp-page\" data-elementor-id=\"427\" class=\"elementor elementor-427\">\n\t\t\t\t\t\t\t\t\t<div class=\"elementor-section elementor-top-section elementor-element elementor-element-1f2d81a elementor-section-full_width elementor-section-height-default elementor-section-height-default\" data-id=\"1f2d81a\" data-element_type=\"section\" data-settings=\"{&quot;background_background&quot;:&quot;gradient&quot;}\">\n\t\t\t\t\t\t<div class=\"elementor-container elementor-column-gap-no\">\n\t\t\t\t\t<div class=\"elementor-column elementor-col-100 elementor-top-column elementor-element elementor-element-1eaa932\" data-id=\"1eaa932\" data-element_type=\"column\" data-settings=\"{&quot;background_background&quot;:&quot;classic&quot;}\">\n\t\t\t<div class=\"elementor-widget-wrap elementor-element-populated\">\n\t\t\t\t\t<div class=\"elementor-background-overlay\"><\/div>\n\t\t\t\t\t\t\t\t<div class=\"elementor-element elementor-element-8446641 elementor-widget__width-initial elementor-widget-tablet__width-initial elementor-widget-mobile__width-inherit elementor-widget elementor-widget-heading\" data-id=\"8446641\" data-element_type=\"widget\" data-widget_type=\"heading.default\">\n\t\t\t\t<div class=\"elementor-widget-container\">\n\t\t\t<style>\/*! elementor - v3.15.0 - 02-08-2023 *\/\n.elementor-heading-title{padding:0;margin:0;line-height:1}.elementor-widget-heading .elementor-heading-title[class*=elementor-size-]>a{color:inherit;font-size:inherit;line-height:inherit}.elementor-widget-heading .elementor-heading-title.elementor-size-small{font-size:15px}.elementor-widget-heading .elementor-heading-title.elementor-size-medium{font-size:19px}.elementor-widget-heading .elementor-heading-title.elementor-size-large{font-size:29px}.elementor-widget-heading .elementor-heading-title.elementor-size-xl{font-size:39px}.elementor-widget-heading .elementor-heading-title.elementor-size-xxl{font-size:59px}<\/style><h1 class=\"elementor-heading-title elementor-size-default\">Mulch-, Rodungs- und Waldarbeiten<\/h1>\t\t<\/div>\n\t\t\t\t<\/div>\n\t\t\t\t\t<\/div>\n\t\t<\/div>\n\t\t\t\t\t\t\t<\/div>\n\t\t<\/div>\n\t\t\t\t<div class=\"elementor-section elementor-top-section elementor-element elementor-element-195a2c6 elementor-section-boxed elementor-section-height-default elementor-section-height-default\" data-id=\"195a2c6\" data-element_type=\"section\">\n\t\t\t\t\t\t<div class=\"elementor-container elementor-column-gap-default\">\n\t\t\t\t\t<div class=\"elementor-column elementor-col-100 elementor-top-column elementor-element elementor-element-c5b2c2e\" data-id=\"c5b2c2e\" data-element_type=\"column\">\n\t\t\t<div class=\"elementor-widget-wrap elementor-element-populated\">\n\t\t\t\t\t\t\t\t<div class=\"elementor-element elementor-element-0688e51 elementor-widget elementor-widget-image\" data-id=\"0688e51\" data-element_type=\"widget\" data-widget_type=\"image.default\">\n\t\t\t\t<div class=\"elementor-widget-container\">\n\t\t\t<style>\/*! elementor - v3.15.0 - 02-08-2023 *\/\n.elementor-widget-image{text-align:center}.elementor-widget-image a{display:inline-block}.elementor-widget-image a img[src$=\".svg\"]{width:48px}.elementor-widget-image img{vertical-align:middle;display:inline-block}<\/style>\t\t\t\t\t\t\t\t\t\t\t\t<img loading=\"lazy\" decoding=\"async\" width=\"6832\" height=\"4591\" src=\"https:\/\/gala-laudenklos.de\/wp-content\/uploads\/2024\/09\/gardener-with-weedwacker-cutting-grass-garden.jpg\" class=\"attachment-full size-full wp-image-1346\" alt=\"\" \/>\t\t\t\t\t\t\t\t\t\t\t\t\t\t\t<\/div>\n\t\t\t\t<\/div>\n\t\t\t\t\t<\/div>\n\t\t<\/div>\n\t\t\t\t\t\t\t<\/div>\n\t\t<\/div>\n\t\t\t\t<div class=\"elementor-section elementor-top-section elementor-element elementor-element-1fb08b3 elementor-section-boxed elementor-section-height-default elementor-section-height-default\" data-id=\"1fb08b3\" data-element_type=\"section\">\n\t\t\t\t\t\t<div class=\"elementor-container elementor-column-gap-default\">\n\t\t\t\t\t<div class=\"elementor-column elementor-col-100 elementor-top-column elementor-element elementor-element-d6af312\" data-id=\"d6af312\" data-element_type=\"column\">\n\t\t\t<div class=\"elementor-widget-wrap elementor-element-populated\">\n\t\t\t\t\t\t\t\t<div class=\"elementor-element elementor-element-e1af4f5 elementor-widget__width-initial elementor-widget-tablet__width-initial elementor-widget-mobile__width-inherit elementor-widget elementor-widget-heading\" data-id=\"e1af4f5\" data-element_type=\"widget\" data-widget_type=\"heading.default\">\n\t\t\t\t<div class=\"elementor-widget-container\">\n\t\t\t<h2 class=\"elementor-heading-title elementor-size-default\">Neuer Raum f\u00fcr Natur \u2013 Ihre Waldfl\u00e4chen im Wandel<\/h2>\t\t<\/div>\n\t\t\t\t<\/div>\n\t\t\t\t<section class=\"elementor-section elementor-inner-section elementor-element elementor-element-d560809 elementor-section-boxed elementor-section-height-default elementor-section-height-default\" data-id=\"d560809\" data-element_type=\"section\">\n\t\t\t\t\t\t<div class=\"elementor-container elementor-column-gap-no\">\n\t\t\t\t\t<div class=\"elementor-column elementor-col-50 elementor-inner-column elementor-element elementor-element-b5fb635\" data-id=\"b5fb635\" data-element_type=\"column\">\n\t\t\t<div class=\"elementor-widget-wrap elementor-element-populated\">\n\t\t\t\t\t\t\t\t<div class=\"elementor-element elementor-element-e9429df e-transform elementor-widget elementor-widget-text-editor\" data-id=\"e9429df\" data-element_type=\"widget\" data-settings=\"{&quot;_transform_translateX_effect&quot;:{&quot;unit&quot;:&quot;px&quot;,&quot;size&quot;:&quot;&quot;,&quot;sizes&quot;:[]},&quot;_transform_translateX_effect_tablet&quot;:{&quot;unit&quot;:&quot;px&quot;,&quot;size&quot;:&quot;&quot;,&quot;sizes&quot;:[]},&quot;_transform_translateX_effect_mobile&quot;:{&quot;unit&quot;:&quot;px&quot;,&quot;size&quot;:&quot;&quot;,&quot;sizes&quot;:[]},&quot;_transform_translateY_effect&quot;:{&quot;unit&quot;:&quot;px&quot;,&quot;size&quot;:&quot;&quot;,&quot;sizes&quot;:[]},&quot;_transform_translateY_effect_tablet&quot;:{&quot;unit&quot;:&quot;px&quot;,&quot;size&quot;:&quot;&quot;,&quot;sizes&quot;:[]},&quot;_transform_translateY_effect_mobile&quot;:{&quot;unit&quot;:&quot;px&quot;,&quot;size&quot;:&quot;&quot;,&quot;sizes&quot;:[]}}\" data-widget_type=\"text-editor.default\">\n\t\t\t\t<div class=\"elementor-widget-container\">\n\t\t\t<style>\/*! elementor - v3.15.0 - 02-08-2023 *\/\n.elementor-widget-text-editor.elementor-drop-cap-view-stacked .elementor-drop-cap{background-color:#69727d;color:#fff}.elementor-widget-text-editor.elementor-drop-cap-view-framed .elementor-drop-cap{color:#69727d;border:3px solid;background-color:transparent}.elementor-widget-text-editor:not(.elementor-drop-cap-view-default) .elementor-drop-cap{margin-top:8px}.elementor-widget-text-editor:not(.elementor-drop-cap-view-default) .elementor-drop-cap-letter{width:1em;height:1em}.elementor-widget-text-editor .elementor-drop-cap{float:left;text-align:center;line-height:1;font-size:50px}.elementor-widget-text-editor .elementor-drop-cap-letter{display:inline-block}<\/style>\t\t\t\t<div class=\"flex-shrink-0 flex flex-col relative items-end\"><div class=\"pt-0\"><div class=\"gizmo-bot-avatar flex h-8 w-8 items-center justify-center overflow-hidden rounded-full\"><div class=\"flex-shrink-0 flex flex-col relative items-end\"><div class=\"pt-0\"><div class=\"flex-shrink-0 flex flex-col relative items-end\"><div class=\"pt-0\"><div class=\"gizmo-bot-avatar flex h-8 w-8 items-center justify-center overflow-hidden rounded-full\"><div class=\"flex-shrink-0 flex flex-col relative items-end\"><div class=\"pt-0\"><div class=\"gizmo-bot-avatar flex h-8 w-8 items-center justify-center overflow-hidden rounded-full\"><div class=\"group\/conversation-turn relative flex w-full min-w-0 flex-col agent-turn\"><div class=\"flex-col gap-1 md:gap-3\"><div class=\"flex max-w-full flex-col flex-grow\"><div class=\"min-h-8 text-message flex w-full flex-col items-end gap-2 whitespace-normal break-words [.text-message+&amp;]:mt-5\" dir=\"auto\" data-message-author-role=\"assistant\" data-message-id=\"cf5fc370-ea22-4f2f-8428-0f37797b4461\"><div class=\"flex w-full flex-col gap-1 empty:hidden first:pt-[3px]\"><div class=\"markdown prose w-full break-words dark:prose-invert dark\"><div class=\"flex-shrink-0 flex flex-col relative items-end\"><div class=\"pt-0\"><div class=\"flex-shrink-0 flex flex-col relative items-end\"><div><div class=\"pt-0\"><div class=\"gizmo-bot-avatar flex h-8 w-8 items-center justify-center overflow-hidden rounded-full\"><div>Unsere Forst- und Rodungsarbeiten bieten eine umfassende L\u00f6sung f\u00fcr die Pflege und Neugestaltung von Waldfl\u00e4chen und Grundst\u00fccken. <span style=\"color: #84b317;\">Mit Mulcharbeiten und gezielten Rodungsma\u00dfnahmen sorgen wir f\u00fcr eine umweltfreundliche Bodenbearbeitung und bereiten Fl\u00e4chen ideal f\u00fcr neue Projekte vor.<\/span> Beauftragen Sie uns, Ihren Privatwald aufzuforsten, und profitieren Sie von unserer professionellen Forst- und Rodungsarbeit.<\/div><\/div><\/div><\/div><\/div><\/div><\/div><\/div><\/div><\/div><\/div><\/div><\/div><\/div><\/div><\/div><\/div><\/div><\/div><\/div><\/div><\/div><\/div><\/div>\t\t\t\t\t\t<\/div>\n\t\t\t\t<\/div>\n\t\t\t\t\t<\/div>\n\t\t<\/div>\n\t\t\t\t<div class=\"elementor-column elementor-col-50 elementor-inner-column elementor-element elementor-element-af8eb87\" data-id=\"af8eb87\" data-element_type=\"column\">\n\t\t\t<div class=\"elementor-widget-wrap elementor-element-populated\">\n\t\t\t\t\t\t\t\t<div class=\"elementor-element elementor-element-323fb8c elementor-widget elementor-widget-text-editor\" data-id=\"323fb8c\" data-element_type=\"widget\" data-widget_type=\"text-editor.default\">\n\t\t\t\t<div class=\"elementor-widget-container\">\n\t\t\t\t\t\t\t<div class=\"flex-shrink-0 flex flex-col relative items-end\"><div><div class=\"pt-0\"><div class=\"gizmo-bot-avatar flex h-8 w-8 items-center justify-center overflow-hidden rounded-full\"><div class=\"relative p-1 rounded-sm flex items-center justify-center bg-token-main-surface-primary text-token-text-primary h-8 w-8\">\u00a0<\/div><\/div><\/div><\/div><\/div><div class=\"group\/conversation-turn relative flex w-full min-w-0 flex-col agent-turn\"><div class=\"flex-col gap-1 md:gap-3\"><div class=\"flex max-w-full flex-col flex-grow\"><div class=\"min-h-8 text-message flex w-full flex-col items-end gap-2 whitespace-normal break-words [.text-message+&amp;]:mt-5\" dir=\"auto\" data-message-author-role=\"assistant\" data-message-id=\"5785d238-f4e3-48d4-a7da-5cea3098aae4\"><div class=\"flex w-full flex-col gap-1 empty:hidden first:pt-[3px]\"><div class=\"markdown prose w-full break-words dark:prose-invert dark\"><p>Unsere Forst- und Rodungsarbeiten bieten eine umfassende L\u00f6sung f\u00fcr die fachgerechte Pflege und Neugestaltung von Wald- und Grundst\u00fccksfl\u00e4chen. Mit modernster Technik und langj\u00e4hriger Erfahrung f\u00fchren wir gezielte Rodungsarbeiten durch, um Platz f\u00fcr neue Projekte oder eine nachhaltige Fl\u00e4chennutzung zu schaffen. Ob es sich um das Entfernen von Geh\u00f6lz, das Freilegen von Fl\u00e4chen oder den R\u00fcckschnitt gro\u00dfer Waldgebiete handelt \u2013 unser Team sorgt f\u00fcr eine pr\u00e4zise und umweltgerechte Ausf\u00fchrung. Beauftragen Sie uns, Ihren Privatwald aufzuforsten, und profitieren Sie von unserer professionellen Forst- und Rodungsarbeit.<\/p><\/div><\/div><\/div><\/div><\/div><\/div>\t\t\t\t\t\t<\/div>\n\t\t\t\t<\/div>\n\t\t\t\t<div class=\"elementor-element elementor-element-7d48b35 elementor-widget elementor-widget-text-editor\" data-id=\"7d48b35\" data-element_type=\"widget\" data-widget_type=\"text-editor.default\">\n\t\t\t\t<div class=\"elementor-widget-container\">\n\t\t\t\t\t\t\t<p>Zus\u00e4tzlich bieten wir Mulcharbeiten als effiziente Methode zur Rodung an. Mit leistungsstarken Mulchger\u00e4ten zerkleinern wir Baumreste, Str\u00e4ucher und andere Pflanzen direkt vor Ort, was eine schnelle und umweltfreundliche Bodenbearbeitung erm\u00f6glicht. Dieser Prozess hilft nicht nur bei der Entfernung unerw\u00fcnschter Vegetation, sondern bereitet das Gel\u00e4nde ideal f\u00fcr sp\u00e4tere Bauvorhaben oder landwirtschaftliche Nutzung vor. Der Mulch verbleibt als nat\u00fcrliche Bodenabdeckung und f\u00f6rdert die langfristige Bodenqualit\u00e4t.<\/p>\t\t\t\t\t\t<\/div>\n\t\t\t\t<\/div>\n\t\t\t\t<div class=\"elementor-element elementor-element-231174d elementor-widget elementor-widget-text-editor\" data-id=\"231174d\" data-element_type=\"widget\" data-widget_type=\"text-editor.default\">\n\t\t\t\t<div class=\"elementor-widget-container\">\n\t\t\t\t\t\t\t<p>Durch unsere Forst- und Mulcharbeiten erhalten Sie eine umfassende L\u00f6sung, die sowohl den professionellen Abtrag von B\u00e4umen und Str\u00e4uchern als auch die nachhaltige Bodenpflege sicherstellt. Egal, ob es sich um Waldfl\u00e4chen, Baugrundst\u00fccke oder Gartenanlagen handelt \u2013 wir bieten ma\u00dfgeschneiderte Dienstleistungen, die den individuellen Anforderungen Ihres Projekts gerecht werden.<\/p>\t\t\t\t\t\t<\/div>\n\t\t\t\t<\/div>\n\t\t\t\t\t<\/div>\n\t\t<\/div>\n\t\t\t\t\t\t\t<\/div>\n\t\t<\/section>\n\t\t\t\t\t<\/div>\n\t\t<\/div>\n\t\t\t\t\t\t\t<\/div>\n\t\t<\/div>\n\t\t\t\t<section class=\"elementor-section elementor-top-section elementor-element elementor-element-48c15cc elementor-section-full_width elementor-section-height-default elementor-section-height-default\" data-id=\"48c15cc\" data-element_type=\"section\">\n\t\t\t\t\t\t<div class=\"elementor-container elementor-column-gap-default\">\n\t\t\t\t\t<div class=\"elementor-column elementor-col-33 elementor-top-column elementor-element elementor-element-f23864b\" data-id=\"f23864b\" data-element_type=\"column\">\n\t\t\t<div class=\"elementor-widget-wrap elementor-element-populated\">\n\t\t\t\t\t\t\t\t<div class=\"elementor-element elementor-element-2d6e46e animated-slow elementor-invisible elementor-widget elementor-widget-image\" data-id=\"2d6e46e\" data-element_type=\"widget\" data-settings=\"{&quot;_animation&quot;:&quot;fadeIn&quot;}\" data-widget_type=\"image.default\">\n\t\t\t\t<div class=\"elementor-widget-container\">\n\t\t\t\t\t\t\t\t\t\t\t\t\t\t\t<img loading=\"lazy\" decoding=\"async\" width=\"2146\" height=\"1205\" src=\"https:\/\/gala-laudenklos.de\/wp-content\/uploads\/2024\/09\/cordless-string-trimmer-edging-lawn-along-sidewalk-closeup-scaled-e1727684428768.jpg\" class=\"attachment-full size-full wp-image-1360\" alt=\"\" srcset=\"https:\/\/gala-laudenklos.de\/wp-content\/uploads\/2024\/09\/cordless-string-trimmer-edging-lawn-along-sidewalk-closeup-scaled-e1727684428768.jpg 2146w, https:\/\/gala-laudenklos.de\/wp-content\/uploads\/2024\/09\/cordless-string-trimmer-edging-lawn-along-sidewalk-closeup-scaled-e1727684428768-300x168.jpg 300w, https:\/\/gala-laudenklos.de\/wp-content\/uploads\/2024\/09\/cordless-string-trimmer-edging-lawn-along-sidewalk-closeup-scaled-e1727684428768-1024x575.jpg 1024w, https:\/\/gala-laudenklos.de\/wp-content\/uploads\/2024\/09\/cordless-string-trimmer-edging-lawn-along-sidewalk-closeup-scaled-e1727684428768-768x431.jpg 768w, https:\/\/gala-laudenklos.de\/wp-content\/uploads\/2024\/09\/cordless-string-trimmer-edging-lawn-along-sidewalk-closeup-scaled-e1727684428768-1536x862.jpg 1536w, https:\/\/gala-laudenklos.de\/wp-content\/uploads\/2024\/09\/cordless-string-trimmer-edging-lawn-along-sidewalk-closeup-scaled-e1727684428768-2048x1150.jpg 2048w, https:\/\/gala-laudenklos.de\/wp-content\/uploads\/2024\/09\/cordless-string-trimmer-edging-lawn-along-sidewalk-closeup-scaled-e1727684428768-650x365.jpg 650w\" sizes=\"auto, (max-width: 2146px) 100vw, 2146px\" \/>\t\t\t\t\t\t\t\t\t\t\t\t\t\t\t<\/div>\n\t\t\t\t<\/div>\n\t\t\t\t\t<\/div>\n\t\t<\/div>\n\t\t\t\t<div class=\"elementor-column elementor-col-33 elementor-top-column elementor-element elementor-element-0442ed4\" data-id=\"0442ed4\" data-element_type=\"column\">\n\t\t\t<div class=\"elementor-widget-wrap elementor-element-populated\">\n\t\t\t\t\t\t\t\t<div class=\"elementor-element elementor-element-989b11a animated-slow elementor-invisible elementor-widget elementor-widget-image\" data-id=\"989b11a\" data-element_type=\"widget\" data-settings=\"{&quot;_animation&quot;:&quot;fadeIn&quot;}\" data-widget_type=\"image.default\">\n\t\t\t\t<div class=\"elementor-widget-container\">\n\t\t\t\t\t\t\t\t\t\t\t\t\t\t\t<img loading=\"lazy\" decoding=\"async\" width=\"2560\" height=\"1435\" src=\"https:\/\/gala-laudenklos.de\/wp-content\/uploads\/2024\/09\/large-yellow-tractor-is-driving-down-dirt-road-pile-logs-scaled.jpg\" class=\"attachment-full size-full wp-image-1412\" alt=\"\" srcset=\"https:\/\/gala-laudenklos.de\/wp-content\/uploads\/2024\/09\/large-yellow-tractor-is-driving-down-dirt-road-pile-logs-scaled.jpg 2560w, https:\/\/gala-laudenklos.de\/wp-content\/uploads\/2024\/09\/large-yellow-tractor-is-driving-down-dirt-road-pile-logs-300x168.jpg 300w, https:\/\/gala-laudenklos.de\/wp-content\/uploads\/2024\/09\/large-yellow-tractor-is-driving-down-dirt-road-pile-logs-1024x574.jpg 1024w, https:\/\/gala-laudenklos.de\/wp-content\/uploads\/2024\/09\/large-yellow-tractor-is-driving-down-dirt-road-pile-logs-768x430.jpg 768w, https:\/\/gala-laudenklos.de\/wp-content\/uploads\/2024\/09\/large-yellow-tractor-is-driving-down-dirt-road-pile-logs-1536x861.jpg 1536w, https:\/\/gala-laudenklos.de\/wp-content\/uploads\/2024\/09\/large-yellow-tractor-is-driving-down-dirt-road-pile-logs-2048x1148.jpg 2048w, https:\/\/gala-laudenklos.de\/wp-content\/uploads\/2024\/09\/large-yellow-tractor-is-driving-down-dirt-road-pile-logs-650x364.jpg 650w\" sizes=\"auto, (max-width: 2560px) 100vw, 2560px\" \/>\t\t\t\t\t\t\t\t\t\t\t\t\t\t\t<\/div>\n\t\t\t\t<\/div>\n\t\t\t\t\t<\/div>\n\t\t<\/div>\n\t\t\t\t<div class=\"elementor-column elementor-col-33 elementor-top-column elementor-element elementor-element-e7d0805\" data-id=\"e7d0805\" data-element_type=\"column\">\n\t\t\t<div class=\"elementor-widget-wrap elementor-element-populated\">\n\t\t\t\t\t\t\t\t<div class=\"elementor-element elementor-element-90f813a animated-slow elementor-invisible elementor-widget elementor-widget-image\" data-id=\"90f813a\" data-element_type=\"widget\" data-settings=\"{&quot;_animation&quot;:&quot;fadeIn&quot;}\" data-widget_type=\"image.default\">\n\t\t\t\t<div class=\"elementor-widget-container\">\n\t\t\t\t\t\t\t\t\t\t\t\t\t\t\t<img loading=\"lazy\" decoding=\"async\" width=\"8736\" height=\"4896\" src=\"https:\/\/gala-laudenklos.de\/wp-content\/uploads\/2024\/09\/photorealistic-perspective-wood-logs-timber-industry.jpg\" class=\"attachment-full size-full wp-image-1413\" alt=\"\" \/>\t\t\t\t\t\t\t\t\t\t\t\t\t\t\t<\/div>\n\t\t\t\t<\/div>\n\t\t\t\t\t<\/div>\n\t\t<\/div>\n\t\t\t\t\t\t\t<\/div>\n\t\t<\/section>\n\t\t\t\t<section class=\"elementor-section elementor-top-section elementor-element elementor-element-60e83fd elementor-section-boxed elementor-section-height-default elementor-section-height-default\" data-id=\"60e83fd\" data-element_type=\"section\">\n\t\t\t\t\t\t<div class=\"elementor-container elementor-column-gap-default\">\n\t\t\t\t\t<div class=\"elementor-column elementor-col-100 elementor-top-column elementor-element elementor-element-f563456\" data-id=\"f563456\" data-element_type=\"column\">\n\t\t\t<div class=\"elementor-widget-wrap elementor-element-populated\">\n\t\t\t\t\t\t\t\t<div class=\"elementor-element elementor-element-d14962d elementor-align-center elementor-widget__width-initial elementor-widget elementor-widget-button\" data-id=\"d14962d\" data-element_type=\"widget\" data-widget_type=\"button.default\">\n\t\t\t\t<div class=\"elementor-widget-container\">\n\t\t\t\t\t<div class=\"elementor-button-wrapper\">\n\t\t\t<a class=\"elementor-button elementor-button-link elementor-size-sm\" href=\"https:\/\/gala-laudenklos.de\/index.php\/unsere-leistungen\/\">\n\t\t\t\t\t\t<span class=\"elementor-button-content-wrapper\">\n\t\t\t\t\t\t<span class=\"elementor-button-text\">zur\u00fcck zu allen Leistungen<\/span>\n\t\t<\/span>\n\t\t\t\t\t<\/a>\n\t\t<\/div>\n\t\t\t\t<\/div>\n\t\t\t\t<\/div>\n\t\t\t\t\t<\/div>\n\t\t<\/div>\n\t\t\t\t\t\t\t<\/div>\n\t\t<\/section>\n\t\t\t\t\t\t\t<\/div>\n\t\t","protected":false},"excerpt":{"rendered":"<p>Mulch-, Rodungs- und Waldarbeiten Neuer Raum f\u00fcr Natur \u2013 Ihre Waldfl\u00e4chen im Wandel Unsere Forst- und Rodungsarbeiten bieten eine umfassende L\u00f6sung f\u00fcr [&hellip;]<\/p>\n","protected":false},"author":1,"featured_media":0,"parent":0,"menu_order":0,"comment_status":"closed","ping_status":"closed","template":"","meta":{"footnotes":""},"class_list":["post-427","page","type-page","status-publish","hentry"],"_links":{"self":[{"href":"https:\/\/gala-laudenklos.de\/index.php\/wp-json\/wp\/v2\/pages\/427","targetHints":{"allow":["GET"]}}],"collection":[{"href":"https:\/\/gala-laudenklos.de\/index.php\/wp-json\/wp\/v2\/pages"}],"about":[{"href":"https:\/\/gala-laudenklos.de\/index.php\/wp-json\/wp\/v2\/types\/page"}],"author":[{"embeddable":true,"href":"https:\/\/gala-laudenklos.de\/index.php\/wp-json\/wp\/v2\/users\/1"}],"replies":[{"embeddable":true,"href":"https:\/\/gala-laudenklos.de\/index.php\/wp-json\/wp\/v2\/comments?post=427"}],"version-history":[{"count":46,"href":"https:\/\/gala-laudenklos.de\/index.php\/wp-json\/wp\/v2\/pages\/427\/revisions"}],"predecessor-version":[{"id":1486,"href":"https:\/\/gala-laudenklos.de\/index.php\/wp-json\/wp\/v2\/pages\/427\/revisions\/1486"}],"wp:attachment":[{"href":"https:\/\/gala-laudenklos.de\/index.php\/wp-json\/wp\/v2\/media?parent=427"}],"curies":[{"name":"wp","href":"https:\/\/api.w.org\/{rel}","templated":true}]}}