{"id":1073,"date":"2024-08-26T10:53:04","date_gmt":"2024-08-26T08:53:04","guid":{"rendered":"https:\/\/gala-laudenklos.de\/?page_id=1073"},"modified":"2024-09-26T11:51:12","modified_gmt":"2024-09-26T09:51:12","slug":"dachbegruenung","status":"publish","type":"page","link":"https:\/\/gala-laudenklos.de\/index.php\/dachbegruenung\/","title":{"rendered":"Dachbegr\u00fcnung"},"content":{"rendered":"\t\t<div data-elementor-type=\"wp-page\" data-elementor-id=\"1073\" class=\"elementor elementor-1073\">\n\t\t\t\t\t\t\t\t\t<div class=\"elementor-section elementor-top-section elementor-element elementor-element-1649d15 elementor-section-full_width elementor-section-height-default elementor-section-height-default\" data-id=\"1649d15\" data-element_type=\"section\" data-settings=\"{&quot;background_background&quot;:&quot;gradient&quot;}\">\n\t\t\t\t\t\t<div class=\"elementor-container elementor-column-gap-no\">\n\t\t\t\t\t<div class=\"elementor-column elementor-col-100 elementor-top-column elementor-element elementor-element-3809f49\" data-id=\"3809f49\" data-element_type=\"column\" data-settings=\"{&quot;background_background&quot;:&quot;classic&quot;}\">\n\t\t\t<div class=\"elementor-widget-wrap elementor-element-populated\">\n\t\t\t\t\t<div class=\"elementor-background-overlay\"><\/div>\n\t\t\t\t\t\t\t\t<div class=\"elementor-element elementor-element-fadb2ff elementor-widget__width-initial elementor-widget-tablet__width-initial elementor-widget-mobile__width-inherit elementor-widget elementor-widget-heading\" data-id=\"fadb2ff\" data-element_type=\"widget\" data-widget_type=\"heading.default\">\n\t\t\t\t<div class=\"elementor-widget-container\">\n\t\t\t<style>\/*! elementor - v3.15.0 - 02-08-2023 *\/\n.elementor-heading-title{padding:0;margin:0;line-height:1}.elementor-widget-heading .elementor-heading-title[class*=elementor-size-]>a{color:inherit;font-size:inherit;line-height:inherit}.elementor-widget-heading .elementor-heading-title.elementor-size-small{font-size:15px}.elementor-widget-heading .elementor-heading-title.elementor-size-medium{font-size:19px}.elementor-widget-heading .elementor-heading-title.elementor-size-large{font-size:29px}.elementor-widget-heading .elementor-heading-title.elementor-size-xl{font-size:39px}.elementor-widget-heading .elementor-heading-title.elementor-size-xxl{font-size:59px}<\/style><h1 class=\"elementor-heading-title elementor-size-default\">Dachbegr\u00fcnung<\/h1>\t\t<\/div>\n\t\t\t\t<\/div>\n\t\t\t\t\t<\/div>\n\t\t<\/div>\n\t\t\t\t\t\t\t<\/div>\n\t\t<\/div>\n\t\t\t\t<div class=\"elementor-section elementor-top-section elementor-element elementor-element-e55b73c elementor-section-boxed elementor-section-height-default elementor-section-height-default\" data-id=\"e55b73c\" data-element_type=\"section\">\n\t\t\t\t\t\t<div class=\"elementor-container elementor-column-gap-default\">\n\t\t\t\t\t<div class=\"elementor-column elementor-col-100 elementor-top-column elementor-element elementor-element-5c18c54\" data-id=\"5c18c54\" data-element_type=\"column\">\n\t\t\t<div class=\"elementor-widget-wrap elementor-element-populated\">\n\t\t\t\t\t\t\t\t<div class=\"elementor-element elementor-element-8c7ec63 elementor-widget elementor-widget-image\" data-id=\"8c7ec63\" data-element_type=\"widget\" data-widget_type=\"image.default\">\n\t\t\t\t<div class=\"elementor-widget-container\">\n\t\t\t<style>\/*! elementor - v3.15.0 - 02-08-2023 *\/\n.elementor-widget-image{text-align:center}.elementor-widget-image a{display:inline-block}.elementor-widget-image a img[src$=\".svg\"]{width:48px}.elementor-widget-image img{vertical-align:middle;display:inline-block}<\/style>\t\t\t\t\t\t\t\t\t\t\t\t<img loading=\"lazy\" decoding=\"async\" width=\"1442\" height=\"887\" src=\"https:\/\/gala-laudenklos.de\/wp-content\/uploads\/2024\/08\/12829715-1572-4a46-81b1-ec0ca08621e8-scaled-e1724662789594.jpg\" class=\"attachment-full size-full wp-image-1087\" alt=\"\" srcset=\"https:\/\/gala-laudenklos.de\/wp-content\/uploads\/2024\/08\/12829715-1572-4a46-81b1-ec0ca08621e8-scaled-e1724662789594.jpg 1442w, https:\/\/gala-laudenklos.de\/wp-content\/uploads\/2024\/08\/12829715-1572-4a46-81b1-ec0ca08621e8-scaled-e1724662789594-300x185.jpg 300w, https:\/\/gala-laudenklos.de\/wp-content\/uploads\/2024\/08\/12829715-1572-4a46-81b1-ec0ca08621e8-scaled-e1724662789594-1024x630.jpg 1024w, https:\/\/gala-laudenklos.de\/wp-content\/uploads\/2024\/08\/12829715-1572-4a46-81b1-ec0ca08621e8-scaled-e1724662789594-768x472.jpg 768w, https:\/\/gala-laudenklos.de\/wp-content\/uploads\/2024\/08\/12829715-1572-4a46-81b1-ec0ca08621e8-scaled-e1724662789594-650x400.jpg 650w\" sizes=\"auto, (max-width: 1442px) 100vw, 1442px\" \/>\t\t\t\t\t\t\t\t\t\t\t\t\t\t\t<\/div>\n\t\t\t\t<\/div>\n\t\t\t\t\t<\/div>\n\t\t<\/div>\n\t\t\t\t\t\t\t<\/div>\n\t\t<\/div>\n\t\t\t\t<div class=\"elementor-section elementor-top-section elementor-element elementor-element-ad7e17a elementor-section-boxed elementor-section-height-default elementor-section-height-default\" data-id=\"ad7e17a\" data-element_type=\"section\">\n\t\t\t\t\t\t<div class=\"elementor-container elementor-column-gap-default\">\n\t\t\t\t\t<div class=\"elementor-column elementor-col-100 elementor-top-column elementor-element elementor-element-17eaca1\" data-id=\"17eaca1\" data-element_type=\"column\">\n\t\t\t<div class=\"elementor-widget-wrap elementor-element-populated\">\n\t\t\t\t\t\t\t\t<div class=\"elementor-element elementor-element-4cd36a6 elementor-widget__width-initial elementor-widget-tablet__width-initial elementor-widget-mobile__width-inherit elementor-widget elementor-widget-heading\" data-id=\"4cd36a6\" data-element_type=\"widget\" data-widget_type=\"heading.default\">\n\t\t\t\t<div class=\"elementor-widget-container\">\n\t\t\t<h2 class=\"elementor-heading-title elementor-size-default\">Dachbegr\u00fcnung f\u00fcr ein Gr\u00fcneres Zuhause<\/h2>\t\t<\/div>\n\t\t\t\t<\/div>\n\t\t\t\t<section class=\"elementor-section elementor-inner-section elementor-element elementor-element-4253d65 elementor-section-boxed elementor-section-height-default elementor-section-height-default\" data-id=\"4253d65\" data-element_type=\"section\">\n\t\t\t\t\t\t<div class=\"elementor-container elementor-column-gap-no\">\n\t\t\t\t\t<div class=\"elementor-column elementor-col-50 elementor-inner-column elementor-element elementor-element-11572d9\" data-id=\"11572d9\" data-element_type=\"column\">\n\t\t\t<div class=\"elementor-widget-wrap elementor-element-populated\">\n\t\t\t\t\t\t\t\t<div class=\"elementor-element elementor-element-6b50764 e-transform elementor-widget elementor-widget-text-editor\" data-id=\"6b50764\" data-element_type=\"widget\" data-settings=\"{&quot;_transform_translateX_effect&quot;:{&quot;unit&quot;:&quot;px&quot;,&quot;size&quot;:&quot;&quot;,&quot;sizes&quot;:[]},&quot;_transform_translateX_effect_tablet&quot;:{&quot;unit&quot;:&quot;px&quot;,&quot;size&quot;:&quot;&quot;,&quot;sizes&quot;:[]},&quot;_transform_translateX_effect_mobile&quot;:{&quot;unit&quot;:&quot;px&quot;,&quot;size&quot;:&quot;&quot;,&quot;sizes&quot;:[]},&quot;_transform_translateY_effect&quot;:{&quot;unit&quot;:&quot;px&quot;,&quot;size&quot;:&quot;&quot;,&quot;sizes&quot;:[]},&quot;_transform_translateY_effect_tablet&quot;:{&quot;unit&quot;:&quot;px&quot;,&quot;size&quot;:&quot;&quot;,&quot;sizes&quot;:[]},&quot;_transform_translateY_effect_mobile&quot;:{&quot;unit&quot;:&quot;px&quot;,&quot;size&quot;:&quot;&quot;,&quot;sizes&quot;:[]}}\" data-widget_type=\"text-editor.default\">\n\t\t\t\t<div class=\"elementor-widget-container\">\n\t\t\t<style>\/*! elementor - v3.15.0 - 02-08-2023 *\/\n.elementor-widget-text-editor.elementor-drop-cap-view-stacked .elementor-drop-cap{background-color:#69727d;color:#fff}.elementor-widget-text-editor.elementor-drop-cap-view-framed .elementor-drop-cap{color:#69727d;border:3px solid;background-color:transparent}.elementor-widget-text-editor:not(.elementor-drop-cap-view-default) .elementor-drop-cap{margin-top:8px}.elementor-widget-text-editor:not(.elementor-drop-cap-view-default) .elementor-drop-cap-letter{width:1em;height:1em}.elementor-widget-text-editor .elementor-drop-cap{float:left;text-align:center;line-height:1;font-size:50px}.elementor-widget-text-editor .elementor-drop-cap-letter{display:inline-block}<\/style>\t\t\t\t<div class=\"flex-shrink-0 flex flex-col relative items-end\"><div class=\"pt-0\"><div class=\"gizmo-bot-avatar flex h-8 w-8 items-center justify-center overflow-hidden rounded-full\"><div class=\"flex-shrink-0 flex flex-col relative items-end\"><div class=\"pt-0\"><div class=\"flex-shrink-0 flex flex-col relative items-end\"><div class=\"pt-0\"><div class=\"gizmo-bot-avatar flex h-8 w-8 items-center justify-center overflow-hidden rounded-full\"><div class=\"flex-shrink-0 flex flex-col relative items-end\"><div class=\"pt-0\"><div class=\"gizmo-bot-avatar flex h-8 w-8 items-center justify-center overflow-hidden rounded-full\"><div class=\"group\/conversation-turn relative flex w-full min-w-0 flex-col agent-turn\"><div class=\"flex-col gap-1 md:gap-3\"><div class=\"flex max-w-full flex-col flex-grow\"><div class=\"min-h-8 text-message flex w-full flex-col items-end gap-2 whitespace-normal break-words [.text-message+&amp;]:mt-5\" dir=\"auto\" data-message-author-role=\"assistant\" data-message-id=\"cf5fc370-ea22-4f2f-8428-0f37797b4461\"><div class=\"flex w-full flex-col gap-1 empty:hidden first:pt-[3px]\"><div class=\"markdown prose w-full break-words dark:prose-invert dark\"><div class=\"flex-shrink-0 flex flex-col relative items-end\"><div class=\"pt-0\"><div class=\"flex-shrink-0 flex flex-col relative items-end\"><div><div class=\"pt-0\"><div class=\"gizmo-bot-avatar flex h-8 w-8 items-center justify-center overflow-hidden rounded-full\"><div>Wir bieten im Rhein-Neckar-Kreis professionelle Dachbegr\u00fcnungsl\u00f6sungen, die Ihr Geb\u00e4ude \u00f6kologisch und optisch aufwerten. <span style=\"color: #84b317;\">Unser erfahrenes Team sorgt f\u00fcr pr\u00e4zise Planung und fachgerechte Installation, um Funktionalit\u00e4t und Langlebigkeit zu garantieren.<\/span> Mit hochwertigen Materialien und auf Ihre Bed\u00fcrfnisse abgestimmten Pflanzen schaffen wir eine nachhaltige gr\u00fcne Oase auf Ihrem Dach.<\/div><\/div><\/div><\/div><\/div><\/div><\/div><\/div><\/div><\/div><\/div><\/div><\/div><\/div><\/div><\/div><\/div><\/div><\/div><\/div><\/div><\/div><\/div><\/div>\t\t\t\t\t\t<\/div>\n\t\t\t\t<\/div>\n\t\t\t\t\t<\/div>\n\t\t<\/div>\n\t\t\t\t<div class=\"elementor-column elementor-col-50 elementor-inner-column elementor-element elementor-element-62ac798\" data-id=\"62ac798\" data-element_type=\"column\">\n\t\t\t<div class=\"elementor-widget-wrap elementor-element-populated\">\n\t\t\t\t\t\t\t\t<div class=\"elementor-element elementor-element-16da19d elementor-widget elementor-widget-text-editor\" data-id=\"16da19d\" data-element_type=\"widget\" data-widget_type=\"text-editor.default\">\n\t\t\t\t<div class=\"elementor-widget-container\">\n\t\t\t\t\t\t\t<p>Erleben Sie die Vorteile der Dachbegr\u00fcnung mit unserem spezialisierten Service im Rhein-Neckar-Kreis. Wir bieten ma\u00dfgeschneiderte L\u00f6sungen f\u00fcr die Begr\u00fcnung von D\u00e4chern, um Ihr Geb\u00e4ude \u00f6kologisch und \u00e4sthetisch aufzuwerten. Durch unsere professionelle Dachbegr\u00fcnung verbessern Sie nicht nur die Energieeffizienz und Luftqualit\u00e4t, sondern schaffen auch eine gr\u00fcne Oase inmitten urbaner Umgebung.<\/p>\t\t\t\t\t\t<\/div>\n\t\t\t\t<\/div>\n\t\t\t\t<div class=\"elementor-element elementor-element-f527fa5 elementor-widget elementor-widget-text-editor\" data-id=\"f527fa5\" data-element_type=\"widget\" data-widget_type=\"text-editor.default\">\n\t\t\t\t<div class=\"elementor-widget-container\">\n\t\t\t\t\t\t\t<p>Unser Team sorgt f\u00fcr eine pr\u00e4zise Planung und fachgerechte Installation, um sicherzustellen, dass Ihre Dachbegr\u00fcnung sowohl funktional als auch langlebig ist. Wir verwenden hochwertige Materialien und Pflanzenarten, die auf die spezifischen Bedingungen Ihres Daches abgestimmt sind. Dabei ber\u00fccksichtigen wir alle relevanten Aspekte wie Gewicht, Bew\u00e4sserung und Pflege, um ein optimales Wachstum und eine langfristige Nachhaltigkeit zu gew\u00e4hrleisten.<\/p>\t\t\t\t\t\t<\/div>\n\t\t\t\t<\/div>\n\t\t\t\t<div class=\"elementor-element elementor-element-cd392e0 elementor-widget elementor-widget-text-editor\" data-id=\"cd392e0\" data-element_type=\"widget\" data-widget_type=\"text-editor.default\">\n\t\t\t\t<div class=\"elementor-widget-container\">\n\t\t\t\t\t\t\t<p>Mit unserer Dachbegr\u00fcnung tragen Sie aktiv zum Umweltschutz bei und steigern gleichzeitig den Wert und das Erscheinungsbild Ihrer Immobilie. Kontaktieren Sie uns, um mehr \u00fcber unsere innovativen Begr\u00fcnungsl\u00f6sungen zu erfahren und lassen Sie uns gemeinsam Ihr Dach in ein gr\u00fcnes Paradies verwandeln.<\/p>\t\t\t\t\t\t<\/div>\n\t\t\t\t<\/div>\n\t\t\t\t\t<\/div>\n\t\t<\/div>\n\t\t\t\t\t\t\t<\/div>\n\t\t<\/section>\n\t\t\t\t\t<\/div>\n\t\t<\/div>\n\t\t\t\t\t\t\t<\/div>\n\t\t<\/div>\n\t\t\t\t<section class=\"elementor-section elementor-top-section elementor-element elementor-element-7ba601a elementor-section-full_width elementor-section-height-default elementor-section-height-default\" data-id=\"7ba601a\" data-element_type=\"section\">\n\t\t\t\t\t\t<div class=\"elementor-container elementor-column-gap-default\">\n\t\t\t\t\t<div class=\"elementor-column elementor-col-33 elementor-top-column elementor-element elementor-element-2be6292\" data-id=\"2be6292\" data-element_type=\"column\">\n\t\t\t<div class=\"elementor-widget-wrap elementor-element-populated\">\n\t\t\t\t\t\t\t\t<div class=\"elementor-element elementor-element-095ba2e animated-slow elementor-invisible elementor-widget elementor-widget-image\" data-id=\"095ba2e\" data-element_type=\"widget\" data-settings=\"{&quot;_animation&quot;:&quot;fadeIn&quot;}\" data-widget_type=\"image.default\">\n\t\t\t\t<div class=\"elementor-widget-container\">\n\t\t\t\t\t\t\t\t\t\t\t\t\t\t\t<img loading=\"lazy\" decoding=\"async\" width=\"1536\" height=\"1027\" src=\"https:\/\/gala-laudenklos.de\/wp-content\/uploads\/2024\/08\/IMG_3046-1-e1724662556933.jpg\" class=\"attachment-full size-full wp-image-1075\" alt=\"\" srcset=\"https:\/\/gala-laudenklos.de\/wp-content\/uploads\/2024\/08\/IMG_3046-1-e1724662556933.jpg 1536w, https:\/\/gala-laudenklos.de\/wp-content\/uploads\/2024\/08\/IMG_3046-1-e1724662556933-300x201.jpg 300w, https:\/\/gala-laudenklos.de\/wp-content\/uploads\/2024\/08\/IMG_3046-1-e1724662556933-1024x685.jpg 1024w, https:\/\/gala-laudenklos.de\/wp-content\/uploads\/2024\/08\/IMG_3046-1-e1724662556933-768x514.jpg 768w, https:\/\/gala-laudenklos.de\/wp-content\/uploads\/2024\/08\/IMG_3046-1-e1724662556933-650x435.jpg 650w\" sizes=\"auto, (max-width: 1536px) 100vw, 1536px\" \/>\t\t\t\t\t\t\t\t\t\t\t\t\t\t\t<\/div>\n\t\t\t\t<\/div>\n\t\t\t\t\t<\/div>\n\t\t<\/div>\n\t\t\t\t<div class=\"elementor-column elementor-col-33 elementor-top-column elementor-element elementor-element-40ad562\" data-id=\"40ad562\" data-element_type=\"column\">\n\t\t\t<div class=\"elementor-widget-wrap elementor-element-populated\">\n\t\t\t\t\t\t\t\t<div class=\"elementor-element elementor-element-0664245 animated-slow elementor-invisible elementor-widget elementor-widget-image\" data-id=\"0664245\" data-element_type=\"widget\" data-settings=\"{&quot;_animation&quot;:&quot;fadeIn&quot;}\" data-widget_type=\"image.default\">\n\t\t\t\t<div class=\"elementor-widget-container\">\n\t\t\t\t\t\t\t\t\t\t\t\t\t\t\t<img loading=\"lazy\" decoding=\"async\" width=\"2150\" height=\"1437\" src=\"https:\/\/gala-laudenklos.de\/wp-content\/uploads\/2024\/08\/caucasian-man-taking-care-living-roof-scaled-e1724662598176.jpg\" class=\"attachment-full size-full wp-image-1076\" alt=\"\" srcset=\"https:\/\/gala-laudenklos.de\/wp-content\/uploads\/2024\/08\/caucasian-man-taking-care-living-roof-scaled-e1724662598176.jpg 2150w, https:\/\/gala-laudenklos.de\/wp-content\/uploads\/2024\/08\/caucasian-man-taking-care-living-roof-scaled-e1724662598176-300x201.jpg 300w, https:\/\/gala-laudenklos.de\/wp-content\/uploads\/2024\/08\/caucasian-man-taking-care-living-roof-scaled-e1724662598176-1024x684.jpg 1024w, https:\/\/gala-laudenklos.de\/wp-content\/uploads\/2024\/08\/caucasian-man-taking-care-living-roof-scaled-e1724662598176-768x513.jpg 768w, https:\/\/gala-laudenklos.de\/wp-content\/uploads\/2024\/08\/caucasian-man-taking-care-living-roof-scaled-e1724662598176-1536x1027.jpg 1536w, https:\/\/gala-laudenklos.de\/wp-content\/uploads\/2024\/08\/caucasian-man-taking-care-living-roof-scaled-e1724662598176-2048x1369.jpg 2048w, https:\/\/gala-laudenklos.de\/wp-content\/uploads\/2024\/08\/caucasian-man-taking-care-living-roof-scaled-e1724662598176-650x434.jpg 650w\" sizes=\"auto, (max-width: 2150px) 100vw, 2150px\" \/>\t\t\t\t\t\t\t\t\t\t\t\t\t\t\t<\/div>\n\t\t\t\t<\/div>\n\t\t\t\t\t<\/div>\n\t\t<\/div>\n\t\t\t\t<div class=\"elementor-column elementor-col-33 elementor-top-column elementor-element elementor-element-a248e6b\" data-id=\"a248e6b\" data-element_type=\"column\">\n\t\t\t<div class=\"elementor-widget-wrap elementor-element-populated\">\n\t\t\t\t\t\t\t\t<div class=\"elementor-element elementor-element-80025e8 animated-slow elementor-invisible elementor-widget elementor-widget-image\" data-id=\"80025e8\" data-element_type=\"widget\" data-settings=\"{&quot;_animation&quot;:&quot;fadeIn&quot;}\" data-widget_type=\"image.default\">\n\t\t\t\t<div class=\"elementor-widget-container\">\n\t\t\t\t\t\t\t\t\t\t\t\t\t\t\t<img loading=\"lazy\" decoding=\"async\" width=\"2560\" height=\"1708\" src=\"https:\/\/gala-laudenklos.de\/wp-content\/uploads\/2024\/08\/private-terrace-with-sunbeds-kids-soccer-gates-artificial-turf-sunny-day-with-blue-sky-scaled.jpg\" class=\"attachment-full size-full wp-image-1077\" alt=\"\" srcset=\"https:\/\/gala-laudenklos.de\/wp-content\/uploads\/2024\/08\/private-terrace-with-sunbeds-kids-soccer-gates-artificial-turf-sunny-day-with-blue-sky-scaled.jpg 2560w, https:\/\/gala-laudenklos.de\/wp-content\/uploads\/2024\/08\/private-terrace-with-sunbeds-kids-soccer-gates-artificial-turf-sunny-day-with-blue-sky-300x200.jpg 300w, https:\/\/gala-laudenklos.de\/wp-content\/uploads\/2024\/08\/private-terrace-with-sunbeds-kids-soccer-gates-artificial-turf-sunny-day-with-blue-sky-1024x683.jpg 1024w, https:\/\/gala-laudenklos.de\/wp-content\/uploads\/2024\/08\/private-terrace-with-sunbeds-kids-soccer-gates-artificial-turf-sunny-day-with-blue-sky-768x512.jpg 768w, https:\/\/gala-laudenklos.de\/wp-content\/uploads\/2024\/08\/private-terrace-with-sunbeds-kids-soccer-gates-artificial-turf-sunny-day-with-blue-sky-1536x1025.jpg 1536w, https:\/\/gala-laudenklos.de\/wp-content\/uploads\/2024\/08\/private-terrace-with-sunbeds-kids-soccer-gates-artificial-turf-sunny-day-with-blue-sky-2048x1367.jpg 2048w, https:\/\/gala-laudenklos.de\/wp-content\/uploads\/2024\/08\/private-terrace-with-sunbeds-kids-soccer-gates-artificial-turf-sunny-day-with-blue-sky-650x434.jpg 650w\" sizes=\"auto, (max-width: 2560px) 100vw, 2560px\" \/>\t\t\t\t\t\t\t\t\t\t\t\t\t\t\t<\/div>\n\t\t\t\t<\/div>\n\t\t\t\t\t<\/div>\n\t\t<\/div>\n\t\t\t\t\t\t\t<\/div>\n\t\t<\/section>\n\t\t\t\t<section class=\"elementor-section elementor-top-section elementor-element elementor-element-e70e9d0 elementor-section-boxed elementor-section-height-default elementor-section-height-default\" data-id=\"e70e9d0\" data-element_type=\"section\">\n\t\t\t\t\t\t<div class=\"elementor-container elementor-column-gap-default\">\n\t\t\t\t\t<div class=\"elementor-column elementor-col-100 elementor-top-column elementor-element elementor-element-34f87a0\" data-id=\"34f87a0\" data-element_type=\"column\">\n\t\t\t<div class=\"elementor-widget-wrap elementor-element-populated\">\n\t\t\t\t\t\t\t\t<div class=\"elementor-element elementor-element-2dd844b elementor-align-center elementor-widget__width-initial elementor-widget elementor-widget-button\" data-id=\"2dd844b\" data-element_type=\"widget\" data-widget_type=\"button.default\">\n\t\t\t\t<div class=\"elementor-widget-container\">\n\t\t\t\t\t<div class=\"elementor-button-wrapper\">\n\t\t\t<a class=\"elementor-button elementor-button-link elementor-size-sm\" href=\"https:\/\/gala-laudenklos.de\/index.php\/unsere-leistungen\/\">\n\t\t\t\t\t\t<span class=\"elementor-button-content-wrapper\">\n\t\t\t\t\t\t<span class=\"elementor-button-text\">zur\u00fcck zu allen Leistungen<\/span>\n\t\t<\/span>\n\t\t\t\t\t<\/a>\n\t\t<\/div>\n\t\t\t\t<\/div>\n\t\t\t\t<\/div>\n\t\t\t\t\t<\/div>\n\t\t<\/div>\n\t\t\t\t\t\t\t<\/div>\n\t\t<\/section>\n\t\t\t\t\t\t\t<\/div>\n\t\t","protected":false},"excerpt":{"rendered":"<p>Dachbegr\u00fcnung Dachbegr\u00fcnung f\u00fcr ein Gr\u00fcneres Zuhause Wir bieten im Rhein-Neckar-Kreis professionelle Dachbegr\u00fcnungsl\u00f6sungen, die Ihr Geb\u00e4ude \u00f6kologisch und optisch aufwerten. Unser erfahrenes Team [&hellip;]<\/p>\n","protected":false},"author":1,"featured_media":0,"parent":0,"menu_order":0,"comment_status":"closed","ping_status":"closed","template":"","meta":{"footnotes":""},"class_list":["post-1073","page","type-page","status-publish","hentry"],"_links":{"self":[{"href":"https:\/\/gala-laudenklos.de\/index.php\/wp-json\/wp\/v2\/pages\/1073","targetHints":{"allow":["GET"]}}],"collection":[{"href":"https:\/\/gala-laudenklos.de\/index.php\/wp-json\/wp\/v2\/pages"}],"about":[{"href":"https:\/\/gala-laudenklos.de\/index.php\/wp-json\/wp\/v2\/types\/page"}],"author":[{"embeddable":true,"href":"https:\/\/gala-laudenklos.de\/index.php\/wp-json\/wp\/v2\/users\/1"}],"replies":[{"embeddable":true,"href":"https:\/\/gala-laudenklos.de\/index.php\/wp-json\/wp\/v2\/comments?post=1073"}],"version-history":[{"count":16,"href":"https:\/\/gala-laudenklos.de\/index.php\/wp-json\/wp\/v2\/pages\/1073\/revisions"}],"predecessor-version":[{"id":1335,"href":"https:\/\/gala-laudenklos.de\/index.php\/wp-json\/wp\/v2\/pages\/1073\/revisions\/1335"}],"wp:attachment":[{"href":"https:\/\/gala-laudenklos.de\/index.php\/wp-json\/wp\/v2\/media?parent=1073"}],"curies":[{"name":"wp","href":"https:\/\/api.w.org\/{rel}","templated":true}]}}